2. Let i be u(49). What is the highest common divisor of i and 1296?
144
Let a = -1372 - -13782. What is the highest common factor of a and 50?
10
Let h = -439 + 484. Suppose -h = -2*j + o - 4*o, -48 = -2*j - 2*o. What is the greatest common divisor of 18 and j?
9
Let l(m) = 3*m**3 - 2*m**3 - 50 + 127*m**2 - 106*m**2 - 21*m. Let y be l(-22). Let q = y + 128. Calculate the greatest common divisor of q and 28.
28
Suppose 10*i = -11*i + 231. Let u(t) = 0*t - 1 - 1 - 9*t + t**2. Let p be u(i). Calculate the highest common divisor of p and 10.
10
Let l = 185 - 146. Suppose -l*i - 294 = -53*i. What is the greatest common divisor of i and 49?
7
Let z be (-1 + 0)/(23/(-46)). Suppose 6 = -3*q, -4*f + 44 = -z*q + 4*q. What is the highest common factor of 12 and f?
12
Suppose -26*v + 18*v + 14706 = 10*v. Calculate the greatest common factor of v and 2236.
43
Suppose 18*x = 2718 - 774. Suppose -112*t + 276 = -x*t. Calculate the greatest common factor of 46 and t.
23
Let h = 688 - -8933. What is the greatest common factor of h and 27?
9
Let c = -9 + 34. Let o(p) = -13 - 42*p - 44*p - 60 + 78*p. Let q be o(-11). What is the highest common divisor of c and q?
5
Let x = 3912 + -3834. Suppose 6*v - 234 = 4*v. What is the highest common factor of x and v?
39
Let a = -106 - -54. Let y(o) = -o**3 + 22*o**2 + 7*o - 74. Let s be y(22). Let g = s + a. Calculate the greatest common divisor of g and 21.
7
Let b = -49 + -48. Let k = b + 104. Calculate the highest common factor of 91 and k.
7
Let t(u) = -u**2 + 152*u + 42 - 24*u**3 + 23*u**3 - 141*u. Let p be t(0). What is the highest common divisor of 6 and p?
6
Let y(w) = -8*w**2 + 78*w + 8. Let r be y(8). Suppose -m - 48 = -2*z, 4*z - 58 - 38 = -3*m. What is the greatest common divisor of z and r?
24
Let z be 1/(2 + (-45)/25). Suppose -2*o - 5*m = -2*m - 274, -2*o = z*m - 270. What is the highest common divisor of o and 105?
35
Let y(d) = 2*d**3 - 14*d**2 + d + 1. Let i = 135 + -128. Let a be y(i). Calculate the greatest common divisor of a and 64.
8
Let i = 205 + -204. Let o be (i*-4)/((19 - 6)/(-13)). Calculate the highest common divisor of 212 and o.
4
Suppose -69*k + 74*k + 1140 = 0. Let p be 12/(-18)*k/8. Calculate the highest common factor of p and 57.
19
Let d be (2/(-4))/((-6)/(-24)). Let h = 174 - 174. Let u be -2 + h - (d + (-60 - -2)). What is the highest common divisor of u and 87?
29
Suppose 2*h + 2*h + 70 = 630. What is the highest common divisor of 10220 and h?
140
Let w(g) = -g + 4. Let a be w(0). Suppose 2 = c + 2*p, -a*p - 4 = c + p. Let d = 23097 + -23082. Calculate the greatest common factor of d and c.
3
Suppose 18*g - g = 527. Let n(o) be the first derivative of -15*o**2/2 + o + 1. Let h be n(-2). What is the highest common factor of g and h?
31
Suppose 75*f - 35658 = -32*f + 157691. What is the greatest common divisor of 65 and f?
13
Let r be (-5)/5 - (-1737 - (6 - 7)). Calculate the greatest common divisor of 15 and r.
5
Suppose -9*w = -10664 + 944. What is the highest common divisor of w and 96?
24
Let j = -6122 + 6145. What is the greatest common divisor of j and 13823?
23
Let h(b) = 26*b - 305. Let v be h(80). Calculate the greatest common factor of v and 923.
71
Let b be ((-26)/6 - 1)*(-9)/2. Suppose -5*m - 3*j = -46, -5*j + 21 = 2*m - 5. Let l be (-4)/(m/(-6)) - (-3 - 2). What is the highest common divisor of b and l?
8
Suppose d + d - 1618 = -4*y, 15 = 3*y. Suppose -17*f = -19*f + 34. What is the greatest common factor of d and f?
17
Suppose -3*o = -3*r + 459, 3*r - 5*o = -9*o + 452. Let k be (-3 - 93)*-2 + -6 + 4. What is the highest common factor of k and r?
38
Suppose -111*h = -115*h + 572. Let a = h - 99. What is the greatest common divisor of 66 and a?
22
Let v(t) = t**2 - 37*t + 354. Let x be v(27). Calculate the greatest common factor of x and 1659.
21
Suppose 0 = 26660*i - 26644*i - 704. What is the greatest common divisor of 404 and i?
4
Let j be 216/(-486) + ((-14)/42 - 52549/(-9)). What is the greatest common divisor of 336 and j?
42
Suppose -8*y - 150 = -2*m - 3*y, 2*y = -3*m + 225. Calculate the highest common divisor of m and 210.
15
Let k be (34/187)/(3/28776). What is the greatest common factor of k and 64?
16
Let p(u) = -3*u + 14. Let x be p(-1). Let k be ((-28)/21 - -3)*51. What is the greatest common divisor of x and k?
17
Suppose -5746 = -246*p + 233*p. Calculate the highest common divisor of 26 and p.
26
Let n = -7570 + 7594. Calculate the greatest common divisor of n and 1912.
8
Let r(g) = g**3 + 3*g - 6. Let m be r(4). Suppose -13242 - 32258 = -50*u. Calculate the greatest common divisor of m and u.
70
Suppose -7*t + 3*t - 1342 = -5*t. Calculate the greatest common factor of t and 11.
11
Suppose 3*m = 67 - 220. Let w = m + 54. Let h = 37 + w. What is the greatest common factor of h and 5?
5
Let a = 8 + -4. Let o(j) = 22*j - 23. Let t be o(-5). Let r = t + 145. What is the greatest common divisor of r and a?
4
Let a(l) be the second derivative of -l**4/12 - 13*l**3/6 + l**2 - 3*l. Let p be a(-13). Suppose t = p + 2. What is the greatest common divisor of t and 32?
4
Let y = 2929 - 1552. Suppose 0 = -4*p - r - 2*r + 321, 0 = -5*p + 5*r + 410. Calculate the greatest common factor of p and y.
81
Let x = 4492 - 3234. Calculate the highest common factor of 111 and x.
37
Let j(s) = -6*s**3 + 6*s**2 + 12*s + 12. Let h be j(-3). Calculate the greatest common divisor of h and 6.
6
Suppose -s + 69 = -4*d, -252 = -3*s + 284*d - 287*d. Calculate the highest common divisor of s and 4284.
9
Suppose -24 = -2*p - 0*p. Suppose 53*v - 20 = 48*v. Suppose -2*h = 5*c - 56, 0 = c - v*h + 1 - 21. Calculate the highest common factor of p and c.
12
Let y(p) = p**2 + 12*p - 51. Let d be y(-23). Suppose 656 + d = 6*r. What is the highest common divisor of r and 26?
13
Let o(s) = -3 - s + 4 - 2*s - s**2. Let b be o(-3). Suppose 0 = 6*p + 202*p - 18*p - 190. What is the greatest common factor of b and p?
1
Let r = -1117 + 1451. What is the highest common divisor of 835 and r?
167
Suppose -p - 26 = -2*v, 13 + 13 = 3*v + 5*p. Let g be (-120)/14*(-21)/6*1. Let m be 1/(9/g + (-3)/12). Calculate the greatest common divisor of v and m.
4
Suppose 91*w - 1004 + 731 = 0. Suppose 2*g = g. Suppose -w*v + 11*v - 352 = g. Calculate the greatest common factor of 11 and v.
11
Suppose 73*v + 5*p + 4105 = 76*v, -1395 = -v - 5*p. Calculate the highest common factor of v and 55.
55
Suppose 1092*z + 828 = 1101*z. Calculate the greatest common factor of z and 598.
46
Suppose 15*j + 798 + 8172 = 0. Let o = j - -634. Calculate the greatest common factor of 4 and o.
4
Let j = -7 + 11. Let n = 465 + -428. Let x(d) = 2*d**3 - 72*d**2 - 72*d - 26. Let b be x(n). Calculate the highest common divisor of b and j.
4
Suppose u - 5*h + 9 = 2*u, 0 = 5*u + 5*h - 105. Suppose 3 = -q + 7. Let l be (-96)/(-9)*36/(q - 2). What is the greatest common factor of u and l?
24
Suppose -29*v + 168 + 49 = 2*v. What is the highest common divisor of v and 161?
7
Suppose 10 = 5*n - 0, h = -n + 9. Suppose -144 = -h*x - 74. Calculate the highest common factor of x and 1910.
10
Suppose 3*m + 15 = 0, 2*n + 11 = m + 54. Suppose 14*x = 12*x + 8. Let s(i) = 6*i**2 + 8*i + 5. Let a be s(x). What is the greatest common divisor of n and a?
19
Let r be (-300)/(-210) + (-11187)/(-63). Calculate the greatest common divisor of r and 42244.
179
Suppose 26*w = 2*g + 30*w - 46, 3*g - 64 = -w. Suppose 267 = -g*r + 5307. Suppose -2*o + 48 = 8. What is the highest common divisor of o and r?
20
Let f(b) = 2*b**2 - 9*b + 6. Let x be f(3). Let a be 224/(-24)*x/2. Calculate the highest common divisor of a and 119.
7
Let y be (3 + -5 - 2) + 154. Let t be (-2)/(-15) - (-2080)/y. Calculate the highest common factor of 28 and t.
14
Suppose 128*t + 188552 = 226*t. Calculate the greatest common factor of t and 148.
148
Suppose -2*c + 4*w = -5*c + 1889, -w - 1241 = -2*c. Let o = c - 544. Calculate the greatest common divisor of 158 and o.
79
Suppose -23*p - 45 = -79 - 104. What is the highest common factor of 5202 and p?
6
Let t(v) = 31*v**3 - 8*v**2 + 41*v - 68. Let q be t(4). What is the greatest common factor of 32 and q?
32
Suppose 8*d - 25382 = 71338. What is the highest common divisor of 155 and d?
155
Suppose -3*q = 2*s - 1, 5*s = -0*s - q + 9. Let u be (-85)/((